s the units digit of o?
5
Let g(y) = 2*y**2 - 3*y + 120. Let c(s) = -6*s - 18. Let d be c(-3). What is the tens digit of g(d)?
2
Suppose 4*g + 5*n - 3409 = -797, g + n = 653. What is the units digit of g?
3
Let r(f) = 33*f + 13. Let a(d) = 8*d + 3. Let b(u) = -18*a(u) + 4*r(u). Let m be (2/4)/((-4)/24). What is the units digit of b(m)?
4
Suppose i + 6 = 3*x - 5, -2*x + i + 7 = 0. Suppose 0 = 5*k - 11 - x. What is the units digit of k?
3
Suppose -5*m + 176 = -389. What is the hundreds digit of m?
1
Suppose 0 = 112*s - 119*s + 3444. What is the hundreds digit of s?
4
What is the thousands digit of (-406)/(-145)*(-2110)/(-4)?
1
Let c be (-4 - -1*16) + 3. Let f = -27 + c. What is the units digit of f/9*(-372)/8?
2
Let j(h) = -h**3 - 7*h**2 - 8*h + 9. Let q be j(-5). What is the units digit of (-7)/21*6 + (-51)/q?
9
Suppose 4*l - 2*q - 18 = 0, l - 3*q - 3 = -4*q. What is the tens digit of 316/8 + l/8?
4
What is the hundreds digit of (12*57)/(-10 + (-64)/(-6))?
0
Let i be 3/6*6 - 39. Let o = 171 + i. What is the hundreds digit of o?
1
Suppose 2*a - 3*m = 2 + 10, 5*m = -2*a - 4. Suppose -a*x + 3 = -12. Suppose -4*n + 8 = p - x, 0 = -5*p - 3*n + 14. What is the units digit of p?
1
Suppose -55*d + 58*d - 15 = 0. Suppose d*s - 226 = 1049. What is the tens digit of s?
5
Let t = 2446 - -2408. What is the units digit of t?
4
Suppose 2*q - 6 = 10. Suppose q*t = 86 + 322. What is the units digit of t?
1
Suppose 63 = -0*d + 7*d. What is the hundreds digit of (-388)/10*(4 - d)?
1
Let c be (-4 - -3)*-1*1. Let w be (c - 4) + (-5 - -36). Suppose m - w - 5 = 0. What is the tens digit of m?
3
Let m = -36 + 42. Suppose 4*k - m*k = -30. What is the units digit of k?
5
Let g(w) = 10*w**2 - 14*w + 9. What is the hundreds digit of g(12)?
2
What is the hundreds digit of 625 - 2 - (-44 - -36)?
6
Let n(y) = y**3 - 21*y**2 - 23*y + 25. Let b be n(22). Let h = -1 + 2. What is the tens digit of 26 + -2 + h + b?
2
Let l = 3465 - 2354. What is the hundreds digit of l?
1
Let i = 76 + 47. What is the hundreds digit of i + (-9)/(18/(-8))?
1
What is the tens digit of (-2 - -1)/((-8)/13264)?
5
What is the hundreds digit of (3*-2)/((-54)/1368)?
1
Suppose -4*r - 3*x - 781 = 0, 4*r + 3*x = 5*r + 199. Let h = r + 276. What is the units digit of h?
0
Let r be 7/(147/6) + 162/21. Suppose -r*b = -965 - 363. What is the units digit of b?
6
Suppose 5736 = 4*j + 740. Suppose -2141 = -15*y + j. What is the units digit of y?
6
Let x be (16/(-6))/(-4)*-30. What is the units digit of (-1015)/x + (-1)/(-4)?
1
Let m = -1039 - -2103. What is the hundreds digit of m?
0
Suppose 0 = 32*i - 24*i - 6912. What is the tens digit of i?
6
Let v(j) = -j**3 + 7*j**2 - 6*j + 8. Let y be v(5). Suppose 140 + y = n. What is the hundreds digit of n?
1
Let j = -19 - -13. Let p = j + 7. What is the tens digit of 1 - p*(-14 - 3)?
1
Suppose -6*w = -2 - 22. Suppose 0 = -0*v + w*v - 1036. What is the units digit of v?
9
Let q = -17 + 24. Let n(x) = -x**2 + 7*x - 4. Let i be n(q). What is the tens digit of 975/26 - 2/i?
3
Suppose -8*q = -7*q - 125. What is the units digit of q?
5
Let r(c) = 3*c**2 - 58*c - 255. What is the hundreds digit of r(48)?
8
Let w = -44 + 49. Suppose w*k - 50 = -5*q, -4*k - q - 4*q + 37 = 0. What is the tens digit of k?
1
Let v = -316 - -806. What is the units digit of v?
0
Suppose 4*q - 2 - 2 = f, 0 = 4*f - 2*q - 12. Suppose 46 = o - 3*a, f*a - 120 = -2*o - 2*o. What is the tens digit of o?
3
What is the units digit of -3 + 495 + (16 - 8)?
0
Suppose -5284 = -5*s - 2*k + 4661, -2*s - 4*k + 3994 = 0. What is the tens digit of s?
8
Let x(l) = -l**3 - 3*l**2 + 2*l - 3. Let r be x(-4). Suppose -2*k + 221 = 3*w, -r*w + 3*k + 0*k = -381. What is the units digit of w?
5
Let x = -883 - -1398. What is the tens digit of x?
1
Let m(o) = 9*o**3 + 5*o**2 + 23*o - 5. Let k = -26 - -37. Let n(f) = 5*f**3 + 3*f**2 + 12*f - 3. Let g(s) = k*n(s) - 6*m(s). What is the units digit of g(-4)?
5
Let h be 106 + (0 - -2 - -1). Suppose -4*w - 3*m = -7*w + 63, -h = -4*w - m. Let n = w - -4. What is the units digit of n?
0
Suppose -7 = -w - 2. Let i(a) be the third derivative of -a**6/120 + a**5/12 + 5*a**4/24 - 5*a**3/6 - 2*a**2. What is the units digit of i(w)?
0
Suppose 31 = -w + 46. What is the hundreds digit of (-9)/w + 1 + 1153/5?
2
What is the tens digit of (-2348)/(-6) + -2*(-1)/(-6)?
9
Suppose -6 = 4*m + 6. Let v be 35 - (2 - 11)/m. Suppose -8*d + v = -7*d. What is the tens digit of d?
3
Suppose -2*n = 5*a - 36 + 9, n = -5*a + 21. Let w = n - -14. Suppose -2*l = -0*l + b - w, 0 = 4*l - b - 52. What is the tens digit of l?
1
Let w(o) = 4*o**3 - 4*o**2 - 2*o + 4. Let z(s) = -4*s**3 - s**2 - 2*s - 2. Let r be z(-1). What is the tens digit of w(r)?
7
Let a be 3 - 3 - 12*-1. Let l be (-8)/a + (-17)/(-3). Suppose 0 = 2*h - l*h + 15. What is the units digit of h?
5
Let t(a) = -2*a**3 - 4*a**2 - 3*a - 5. Let l be ((-12)/(-18))/(4/(-18)). What is the tens digit of t(l)?
2
Suppose 29 = 2*v - 21. Let o = -22 + v. What is the units digit of (-8)/o*12/(-8)?
4
Let q be (-2)/9 - 64312/(-72). Let w = 542 - q. What is the tens digit of ((-5)/(-15))/((-3)/w)?
3
Let r(l) = l**3 - 7*l**2 - 15*l + 2. Let h be r(9). Suppose c - 107 = -h. What is the tens digit of c?
7
Suppose 5*i + 0*i = -505. Let u = i - -176. What is the tens digit of u?
7
Suppose 2*b + 2 = 0, 0*b - 4*b = 5*d + 19. Let z(k) = -k**3 - 4*k**2 - 5*k - 3. Let m be z(d). Suppose 20 = 4*r - m*r. What is the tens digit of r?
2
Suppose 24*i = 40822 - 7894. What is the hundreds digit of i?
3
Let n be 7/(-2)*(1 - 3). Let i = n - 22. Let l = 22 - i. What is the units digit of l?
7
Let w be (4/(-2))/((-7)/35). Suppose -330 = -15*o + w*o. What is the units digit of o?
6
Let s = -640 - -912. What is the units digit of s?
2
Let c(z) = -3266*z - 82. What is the tens digit of c(-1)?
8
Suppose -7378 = -40*t + 33*t. What is the tens digit of t?
5
Suppose 0 = -10*b + 15*b + 165. What is the units digit of ((-1)/1 - (-2)/(-3))*b?
5
Let f(u) = -u**2 - 34*u - 13. What is the hundreds digit of f(-20)?
2
Suppose u = -3*u + 152. Suppose 0 = -2*o + 60 + u. What is the units digit of o?
9
Suppose 3*n = 7*n + 2*b - 18, 0 = 5*b - 25. Suppose n*l = -4*p + 158, -2*p = -5*l + 2*l + 269. What is the tens digit of l?
8
Let o(a) be the second derivative of a**5/20 + 5*a**4/6 - 2*a**3/3 - 6*a**2 - 21*a. What is the tens digit of o(-9)?
0
Suppose 85 + 74 = f. What is the tens digit of f?
5
Let r be ((-2)/4)/(4/(-16)). Suppose 0 = -4*y + r*y + 106. What is the units digit of y?
3
Let o(f) = -11*f + 179. What is the tens digit of o(0)?
7
Suppose -27*r - 1984 = -31*r. What is the hundreds digit of r?
4
Suppose 5*r + 80 = -3*r. Let s(j) = j**3 - 10*j**2 + 6*j + 9. Let w be s(9). Let k = r - w. What is the units digit of k?
8
Let q(x) = -x + 9. Let d be q(7). Suppose 696 = 10*b + d*b. What is the units digit of b?
8
Let n be (-3)/2 + 15/2. What is the tens digit of (-8)/n - (-268)/3?
8
Suppose 0 = 6*j - 40 - 20. Suppose j*q = 5*q + 225. What is the units digit of (14/(-6))/((-5)/q)?
1
Suppose 4*x - 48 = -28. Suppose x*t - 366 = -2*c - 93, -3*t - 2*c + 163 = 0. What is the tens digit of t?
5
Suppose 49*r - 16 = 47*r. Let z(b) = -b**3 - 5*b**2 - b - 1. Let p be z(-5). Suppose -r*o + 116 = -p*o. What is the tens digit of o?
2
Let y(o) = -o**2 - 7*o - 49. Let a(b) = b. Let i(d) = -4*a(d) - y(d). Let f = 557 + -557. What is the units digit of i(f)?
9
Let t(d) = -85*d**3 - 3*d**2 + d - 3. Let f(x) = 42*x**3 + 2*x**2 - x + 2. Let z = -18 + 15. Let j(g) = z*t(g) - 5*f(g). What is the tens digit of j(1)?
4
Let d(o) = -4*o**2 - 10*o + 1. Let n(c) = 3*c**2 + 10*c - 1. Let t(f) = -4*d(f) - 5*n(f). What is the tens digit of t(15)?
7
Let a be 10/(-4)*1884/(-30). Let q = a + -108. What is the tens digit of q?
4
Suppose b + 0*u = -2*u, -5*b + 70 = -4*u. Let n(w) = -w**3 + 6*w**2 - 3*w - 2. Let y be n(2). Let m = b - y. What is the units digit of m?
2
Suppose 2*y + r - 27 = 30, -y = 4*r - 32. Suppose z - 19 = y. What is the tens digit of z?
4
Let s = 292 - -241. What is the hundreds digit of s?
5
Suppose 2*g = -21*b + 25*b - 2588, g = -5*b + 3235. What is the units digit of b?
7
Let t = 88 + 790. What is the tens digit of t?
7
Let y = 2686 - 845. What is the hundreds digit of y?
8
Let b be 1/((3/12)/1). Suppose -58 = -b*d 